ultiple of 7?
True
Is 52 a factor of 592?
False
Is 15 a factor of 8029?
False
Does 5 divide 277?
False
Does 45 divide 48015?
True
Is 2228 a multiple of 25?
False
Is 3402 a multiple of 21?
True
Is 3320 a multiple of 20?
True
Is 12303 a multiple of 11?
False
Is 16856 a multiple of 2?
True
Does 22 divide 431?
False
Does 12 divide 1896?
True
Is 46 a factor of 55309?
False
Does 20 divide 7102?
False
Does 14 divide 490?
True
Is 3190 a multiple of 58?
True
Is 6 a factor of 666?
True
Is 73320 a multiple of 104?
True
Is 30 a factor of 392?
False
Is 44 a factor of 1452?
True
Is 33 a factor of 315?
False
Is 28416 a multiple of 24?
True
Is 8 a factor of 20948?
False
Is 106 a factor of 1979?
False
Is 10620 a multiple of 90?
True
Does 7 divide 198?
False
Is 9 a factor of 180?
True
Is 36 a factor of 209?
False
Does 16 divide 8357?
False
Is 3492 a multiple of 25?
False
Is 66 a multiple of 33?
True
Is 609 a multiple of 5?
False
Does 5 divide 12567?
False
Is 564 a multiple of 50?
False
Is 260 a multiple of 5?
True
Is 15201 a multiple of 27?
True
Does 48 divide 912?
True
Is 3 a factor of 4030?
False
Does 141 divide 134982?
False
Does 7 divide 15371?
False
Does 10 divide 3679?
False
Is 833 a multiple of 49?
True
Does 30 divide 960?
True
Is 2640 a multiple of 12?
True
Does 191 divide 20097?
False
Does 12 divide 63?
False
Does 4 divide 784?
True
Is 12 a factor of 5892?
True
Does 4 divide 165?
False
Is 110 a factor of 18089?
False
Does 6 divide 2281?
False
Does 14 divide 9296?
True
Is 7056 a multiple of 14?
True
Does 8 divide 754?
False
Is 29804 a multiple of 191?
False
Is 76 a multiple of 2?
True
Is 7 a factor of 7724?
False
Is 10 a factor of 19206?
False
Does 5 divide 79?
False
Is 68 a factor of 2998?
False
Is 83 a factor of 17379?
False
Is 5 a factor of 8148?
False
Is 84 a multiple of 12?
True
Does 33 divide 14243?
False
Does 14 divide 12642?
True
Is 10 a factor of 30120?
True
Does 34 divide 19992?
True
Is 12 a factor of 728?
False
Is 35598 a multiple of 117?
False
Is 57 a factor of 456?
True
Is 31 a factor of 24335?
True
Is 4 a factor of 664?
True
Is 11 a factor of 35908?
False
Is 194 a factor of 10102?
False
Is 2746 a multiple of 9?
False
Does 7 divide 10135?
False
Is 23 a factor of 1058?
True
Is 578 a multiple of 34?
True
Does 5 divide 500?
True
Is 1144 a multiple of 104?
True
Is 282 a multiple of 8?
False
Does 23 divide 690?
True
Is 20 a factor of 4400?
True
Is 10556 a multiple of 4?
True
Does 9 divide 1305?
True
Is 42 a factor of 8190?
True
Is 3439 a multiple of 38?
False
Is 6 a factor of 90078?
True
Is 16 a factor of 97539?
False
Is 29 a factor of 19567?
False
Is 15 a factor of 10980?
True
Is 1041 a multiple of 3?
True
Does 5 divide 428?
False
Is 68 a factor of 8733?
False
Is 3716 a multiple of 11?
False
Is 18 a factor of 9907?
False
Does 14 divide 6132?
True
Is 608 a multiple of 8?
True
Is 17 a factor of 4556?
True
Is 350 a multiple of 14?
True
Is 17 a factor of 769?
False
Is 956 even?
True
Is 14 even?
True
Does 54 divide 378?
True
Is 65 a factor of 12740?
True
Is 435 a multiple of 29?
True
Is 973 a multiple of 7?
True
Is 326 a multiple of 49?
False
Is 42 a factor of 378?
True
Is 1791 a multiple of 9?
True
Is 40990 a multiple of 23?
False
Is 5236 a multiple of 154?
True
Does 115 divide 766?
False
Does 34 divide 170?
True
Is 3780 a multiple of 14?
True
Is 4088 a multiple of 56?
True
Is 96 a factor of 960?
True
Is 11112 a multiple of 24?
True
Is 1210 a multiple of 55?
True
Does 6 divide 408?
True
Is 2115 a multiple of 45?
True
Is 26 a factor of 2704?
True
Does 7 divide 1225?
True
Does 7 divide 256?
False
Is 164 a factor of 26568?
True
Is 319 a multiple of 11?
True
Does 5 divide 2339?
False
Is 5 a factor of 230?
True
Is 2531 a multiple of 16?
False
Does 66 divide 2574?
True
Is 45617 a multiple of 29?
True
Is 22 a factor of 24200?
True
Is 34632 a multiple of 74?
True
Is 5 a factor of 25?
True
Is 137 a factor of 32799?
False
Does 32 divide 7232?
True
Is 21 a factor of 1092?
True
Is 10 a factor of 4598?
False
Is 58 a factor of 51113?
False
Is 50 a factor of 40450?
True
Does 18 divide 1013?
False
Does 8 divide 437?
False
Is 23 a factor of 122457?
False
Is 2426 a multiple of 4?
False
Is 391 a multiple of 11?
False
Is 79 a factor of 711?
True
Is 10532 a multiple of 59?
False
Is 8 a factor of 213?
False
Is 140 a factor of 1540?
True
Is 1855 a multiple of 29?
False
Is 11 a factor of 2843?
False
Is 39 a factor of 8120?
False
Does 47 divide 423?
True
Is 2720 a multiple of 17?
True
Is 9 a factor of 7857?
True
Does 8 divide 2639?
False
Is 5119 even?
False
Is 2 a factor of 1102?
True
Is 12767 a multiple of 13?
False
Does 29 divide 19401?
True
Is 70 a factor of 4410?
True
Is 11 a factor of 1430?
True
Is 1463 a multiple of 19?
True
Is 104 a multiple of 9?
False
Is 401 a multiple of 19?
False
Does 20 divide 41615?
False
Is 22 a factor of 1474?
True
Is 60024 a multiple of 164?
True
Is 10 a factor of 113400?
True
Is 1230 a multiple of 82?
True
Does 16 divide 416?
True
Is 28811 a multiple of 47?
True
Is 30 a factor of 1530?
True
Does 79 divide 4424?
True
Does 13 divide 195903?
False
Does 93 divide 11439?
True
Does 93 divide 465?
True
Is 3 a factor of 1269?
True
Is 154 a factor of 15400?
True
Is 31 a factor of 3379?
True
Is 1659 a multiple of 79?
True
Is 17 a factor of 17272?
True
Does 150 divide 10050?
True
Is 634 a multiple of 14?
False
Is 660 a multiple of 55?
True
Is 24 a factor of 672?
True
Is 47268 a multiple of 26?
True
Is 83 a factor of 5644?
True
Does 14 divide 5868?
False
Is 3 a factor of 271?
False
Is 31 a factor of 1618?
False
Is 1596 a multiple of 14?
True
Is 36 a multiple of 18?
True
Is 16 a factor of 36295?
False
Is 567 a multiple of 14?
False
Is 36 a factor of 1116?
True
Is 20 a factor of 1073?
False
Does 53 divide 5676?
False
Is 3 a factor of 723?
True
Is 8673 a multiple of 147?
True
Does 30 divide 3390?
True
Does 19 divide 760?
True
Is 14150 a multiple of 50?
True
Is 528 a multiple of 11?
True
Does 10 divide 9340?
True
Is 9 a factor of 2457?
True
Is 51269 a multiple of 346?
False
Does 13 divide 699?
False
Is 853 a multiple of 2?
False
Is 5987 a multiple of 7?
False
Is 712 a multiple of 8?
True
Does 17 divide 3893?
True
Is 5 a factor of 981?
False
Is 7989 a multiple of 168?
False
Is 5200 a multiple of 44?
False
Is 27 a factor of 140?
False
Does 14 divide 70905?
False
Is 562 a multiple of 13?
False
Is 53 a factor of 9116?
True
Does 31 divide 1868?
False
Is 17444 a multiple of 49?
True
Does 122 divide 10858?
True
Is 4970 a multiple of 71?
True
Is 13580 a multiple of 14?
True
Does 11 divide 4912?
False
Is 61 a factor of 2520?
False
Does 9 divide 4806?
True
Is 1377 a multiple of 81?
True
Does 14 divide 1806?
True
Is 2435 a multiple of 51?
False
Is 9 a multiple of 2?
False
Is 476 a multiple of 7?
True
Does 13 divide 6860?
False
Is 9 a factor of 1457?
False
Does 16 divide 1502?
False
Is 11 a factor of 8910?
True
Is 2 a factor of 1163?
False
Is 50753 a multiple of 203?
False
Is 6 a factor of 5484?
True
Is 34 a factor of 7207?
False
Is 556 a multiple of 8?
False
Is 47686 a multiple of 48?
False
Is 175 a multiple of 25?
True
Is 4 a factor of 3253?
False
Does 23 divide 552?
True
Does 20 divide 4689?
False
Is 19 a factor of 40774?
True
Is 55 a factor of 825?
True
Does 38 divide 9549?
False
Does 122 divide 25421?
False
Is 17 a factor of 15496?
False
Is 5286 a multiple of 101?
False
Is 1079 a multiple of 19?
False
Is 137 a factor of 3862?
False
Is 7 a factor of 567?
True
Does 18 divide 34200?
True
Is 5 a factor of 15219?
False
Is 17 a factor of 29686?
False
Does 25 divide 1025?
True
Is 7 a factor of 240?
False
Is 60631 a multiple of 45?
False
Does 36 divide 35712?
True
Is 20 a factor of 3820?
True
Is 703 even?
False
Does 67 divide 7398?
False
Is 11 a factor of 1179?
False
Is 449 a multiple of 8?
False
Is 120 a multiple of 10?
True
Is 2 a factor of 9?
False
Is 8 a factor of 576?
True
Is 9379 a multiple of 27?
False
Is 26498 a multiple of 24?
False
Is 15 a factor of 212?
False
Is 53 a factor of 2650?
True
Is 174 a multiple of 10?
False
Is 8425 a multiple of 92?
False
Does 27 divide 146?
False
Is 8802 a multiple of 18?
True
Is 14043 a multiple of 127?
False
Is 39315 a multiple of 104?
False
Is 29 a factor of 511?
False
Is 9 a factor of 864?
True
Is 578 a multiple of 8?
Fal